587
List the prime factors of 748288448.
2, 2293, 5099
List the prime factors of 23529800.
2, 5, 7
List the prime factors of 357686578.
2, 433, 413033
List the prime factors of 206014879.
7, 29430697
List the prime factors of 83729629.
967, 86587
List the prime factors of 1081270589.
7, 67, 2305481
What are the prime factors of 182375406?
2, 3, 631, 16057
List the prime factors of 1570814089.
13, 120831853
What are the prime factors of 31306478?
2, 7, 227, 9851
What are the prime factors of 51199892?
2, 12799973
What are the prime factors of 114034481?
11, 37, 280183
What are the prime factors of 617465952?
2, 3, 19, 5939
What are the prime factors of 79957011?
3, 41, 47, 13831
List the prime factors of 544996802.
2, 7, 31, 251, 5003
List the prime factors of 208100389.
7, 23, 1292549
What are the prime factors of 49830544?
2, 83, 157, 239
List the prime factors of 27818119.
7, 43, 92419
List the prime factors of 667256203.
19777, 33739
What are the prime factors of 2923318660?
2, 5, 146165933
List the prime factors of 75075393.
3, 2477, 10103
List the prime factors of 194481871.
1303, 149257
List the prime factors of 84899560.
2, 5, 2122489
What are the prime factors of 38354463?
3, 7, 557, 1093
List the prime factors of 2671868439.
3, 23, 561199
What are the prime factors of 22317097?
11, 67, 107, 283
What are the prime factors of 1005531341?
1005531341
What are the prime factors of 43654570?
2, 5, 29, 150533
What are the prime factors of 4578254924?
2, 29599, 38669
What are the prime factors of 166306224?
2, 3, 7, 494959
List the prime factors of 4335314545.
5, 29, 47, 127, 5009
What are the prime factors of 220597889?
220597889
What are the prime factors of 67328806?
2, 17, 41, 48299
What are the prime factors of 82569857?
2131, 38747
What are the prime factors of 186148804?
2, 223, 208687
What are the prime factors of 5889032707?
31, 43, 109, 40531
What are the prime factors of 37954756?
2, 7, 47, 151, 191
List the prime factors of 3380096709.
3, 11, 307, 1373
List the prime factors of 53142742.
2, 23, 31, 83, 449
List the prime factors of 56525807.
13, 4348139
List the prime factors of 328517105.
5, 7, 9386203
What are the prime factors of 205098167?
347, 591061
What are the prime factors of 23846110?
2, 5, 2384611
What are the prime factors of 23534409?
3, 17, 569, 811
List the prime factors of 121115114.
2, 2789, 21713
What are the prime factors of 3631024897?
499, 2647, 2749
What are the prime factors of 1895543084?
2, 241, 1966331
What are the prime factors of 121236208?
2, 7577263
What are the prime factors of 125181621?
3, 1231, 11299
List the prime factors of 94489380.
2, 3, 5, 524941
List the prime factors of 108519166.
2, 7, 227, 34147
List the prime factors of 109789031.
11, 449, 22229
What are the prime factors of 41778664?
2, 5222333
List the prime factors of 374487192.
2, 3, 31, 55927
What are the prime factors of 18620682?
2, 3, 173, 17939
List the prime factors of 165357123.
3, 499, 110459
List the prime factors of 215529357.
3, 47, 1528577
What are the prime factors of 26375289?
3, 941, 9343
List the prime factors of 310483.
71, 4373
List the prime factors of 1357852483.
13, 31, 227, 14843
List the prime factors of 37181861.
131, 283831
What are the prime factors of 457335674?
2, 228667837
What are the prime factors of 214784924?
2, 47, 1142473
What are the prime factors of 1312169935?
5, 167, 1571461
List the prime factors of 2280629127.
3, 7, 71, 109, 14033
List the prime factors of 2710712657.
163, 389, 42751
List the prime factors of 281625247.
17, 16566191
List the prime factors of 406719106.
2, 47, 131, 33029
List the prime factors of 816969023.
13, 62843771
List the prime factors of 1968941426.
2, 569, 1730177
List the prime factors of 115612547.
31, 3729437
List the prime factors of 877918043.
547, 811, 1979
What are the prime factors of 54264307?
29, 1871183
What are the prime factors of 47212885?
5, 127, 149, 499
List the prime factors of 22438855.
5, 727, 6173
List the prime factors of 7417497.
3, 487, 5077
What are the prime factors of 311761607?
1543, 202049
What are the prime factors of 6717097711?
29, 647, 357997
List the prime factors of 17558144.
2, 17, 8069
List the prime factors of 176819289.
3, 53, 409, 2719
List the prime factors of 88580353.
17, 5210609
List the prime factors of 32052455.
5, 23, 278717
List the prime factors of 840979273.
17, 19, 269, 9679
What are the prime factors of 166628146?
2, 23, 3622351
List the prime factors of 274659644.
2, 7, 173, 56701
List the prime factors of 900157776.
2, 3, 7, 2679041
What are the prime factors of 134802307?
6269, 21503
What are the prime factors of 716555250?
2, 3, 5, 167, 1907
What are the prime factors of 153691790?
2, 5, 7, 2195597
List the prime factors of 528216727.
528216727
What are the prime factors of 5911830281?
7, 47, 191, 94079
List the prime factors of 40690824.
2, 3, 37, 45823
What are the prime factors of 12581712?
2, 3, 11, 13, 47
What are the prime factors of 462653544?
2, 3, 19277231
What are the prime factors of 2665524848?
2, 7, 23799329
What are the prime factors of 177141522?
2, 3, 19, 1553873
What are the prime factors of 373339871?
11551, 32321
List the prime factors of 135496546.
2, 191, 354703
What are the prime factors of 1044045831?
3, 23, 149, 173, 587
What are the prime factors of 3843399400?
2, 5, 431, 44587
What are the prime factors of 80495750?
2, 5, 321983
What are the prime factors of 211549409?
211549409
What are the prime factors of 1752100949?
3547, 493967
List the prime factors of 528260608.
2, 1031759
What are the prime factors of 10299093?
3, 7, 17, 1697
List the prime factors of 3390266883.
3, 199, 5678839
List the prime factors of 59298252.
2, 3, 13, 380117
List the prime factors of 59488221.
3, 13, 19, 43, 1867
What are the prime factors of 21082177?
79, 266863
What are the prime factors of 7383496?
2, 59, 15643
List the prime factors of 924762933.
3, 29, 1181051
List the prime factors of 39522136.
2, 151, 32717
List the prime factors of 118505115.
3, 5, 2633447
What are the prime factors of 967580677?
7, 89, 1553099
What are the prime factors of 2142155852?
2, 6803, 78721
What are the prime factors of 637693178?
2, 318846589
List the prime factors of 242270704.
2, 13, 31, 37573
What are the prime factors of 578742596?
2, 31, 1709, 2731
What are the prime factors of 27493405?
5, 37, 353, 421
What are the prime factors of 43693608?
2, 3, 7, 260081
List the prime factors of 3129762124.
2, 782440531
List the prime factors of 1323034715.
5, 37, 257, 27827
What are the prime factors of 22367920?
2, 5, 17, 16447
What are the prime factors of 5168260?
2, 5, 258413
What are the prime factors of 178136939?
11311, 15749
What are the prime factors of 39271986?
2, 3, 13, 43, 1301
What are the prime factors of 34280812?
2, 8570203
What are the prime factors of 12747595?
5, 7, 7433
What are the prime factors of 1606293783?
3, 178477087
What are the prime factors of 1390504?
2, 73, 2381
List the prime factors of 430921114.
2, 13, 2287, 7247
List the prime factors of 6730333756.
2, 1682583439
What are the prime factors of 1506350930?
2, 5, 7, 277, 77687
What are the prime factors of 26733100?
2, 5, 43, 6217
List the prime factors of 705243578.
2, 13, 1951, 13903
List the prime factors of 85836033.
3, 463, 20599
What are the prime factors of 16897749?
3, 11, 29, 17657
What are the prime factors of 2836525514?
2, 17, 4177, 19973
What are the prime factors of 1402703483?
181, 1571, 4933
List the prime factors of 13089835.
5, 11, 237997
List the prime factors of 340082258.
2, 2269, 74941
What are the prime factors of 84807963?
3, 19, 495953
List the prime factors of 74838179.
13, 127, 45329
What are the prime factors of 5705330385?
3, 5, 59, 167, 38603
What are the prime factors of 66076542?
2, 3, 7, 61, 8597
List the prime factors of 35233137.
3, 434977
What are the prime factors of 2603360764?
2, 41, 15874151
List the prime factors of 3899902250.
2, 5, 15599609
List the prime factors of 389411698.
2, 13, 43, 79, 4409
List the prime factors of 3729656978.
2, 27953, 66713
What are the prime factors of 1724414692?
2, 7, 11, 13, 19, 1193
What are the prime factors of 494926899?
3, 17, 487, 19927
List the prime factors of 1